ainder when 2094 is divided by 352.
334
What is the remainder when 1367 is divided by 20?
7
What is the remainder when 83 is divided by 75?
8
Calculate the remainder when 32799 is divided by 8.
7
What is the remainder when 1066 is divided by 1?
0
What is the remainder when 467 is divided by 60?
47
What is the remainder when 207 is divided by 105?
102
Calculate the remainder when 278 is divided by 73.
59
Calculate the remainder when 34 is divided by 8.
2
What is the remainder when 289 is divided by 3?
1
Calculate the remainder when 151 is divided by 14.
11
Calculate the remainder when 128 is divided by 37.
17
What is the remainder when 2351 is divided by 50?
1
What is the remainder when 3926 is divided by 3902?
24
Calculate the remainder when 158 is divided by 23.
20
What is the remainder when 220 is divided by 47?
32
What is the remainder when 60 is divided by 31?
29
What is the remainder when 334 is divided by 5?
4
What is the remainder when 499 is divided by 84?
79
Calculate the remainder when 726 is divided by 141.
21
Calculate the remainder when 1673 is divided by 5.
3
Calculate the remainder when 458 is divided by 31.
24
What is the remainder when 239 is divided by 80?
79
What is the remainder when 102 is divided by 47?
8
What is the remainder when 583 is divided by 39?
37
Calculate the remainder when 273 is divided by 76.
45
What is the remainder when 506 is divided by 70?
16
What is the remainder when 72 is divided by 61?
11
What is the remainder when 139 is divided by 62?
15
Calculate the remainder when 206 is divided by 52.
50
What is the remainder when 1314 is divided by 47?
45
What is the remainder when 248 is divided by 125?
123
Calculate the remainder when 911 is divided by 187.
163
Calculate the remainder when 1126 is divided by 11.
4
What is the remainder when 180 is divided by 62?
56
What is the remainder when 411 is divided by 28?
19
What is the remainder when 282 is divided by 78?
48
What is the remainder when 49 is divided by 25?
24
Calculate the remainder when 52 is divided by 52.
0
Calculate the remainder when 4167 is divided by 58.
49
What is the remainder when 114 is divided by 8?
2
What is the remainder when 418 is divided by 69?
4
Calculate the remainder when 68 is divided by 14.
12
What is the remainder when 1312 is divided by 223?
197
What is the remainder when 207 is divided by 73?
61
What is the remainder when 772 is divided by 86?
84
Calculate the remainder when 349 is divided by 14.
13
Calculate the remainder when 794 is divided by 133.
129
What is the remainder when 189 is divided by 16?
13
What is the remainder when 2532 is divided by 15?
12
Calculate the remainder when 137 is divided by 23.
22
Calculate the remainder when 6903 is divided by 986.
1
What is the remainder when 1964 is divided by 391?
9
What is the remainder when 168 is divided by 164?
4
What is the remainder when 897 is divided by 31?
29
What is the remainder when 44 is divided by 8?
4
Calculate the remainder when 816 is divided by 137.
131
Calculate the remainder when 138 is divided by 128.
10
Calculate the remainder when 182 is divided by 4.
2
Calculate the remainder when 216 is divided by 205.
11
What is the remainder when 360 is divided by 13?
9
Calculate the remainder when 377 is divided by 24.
17
What is the remainder when 140 is divided by 49?
42
Calculate the remainder when 194 is divided by 21.
5
Calculate the remainder when 40 is divided by 31.
9
Calculate the remainder when 516 is divided by 30.
6
Calculate the remainder when 1078 is divided by 30.
28
Calculate the remainder when 112 is divided by 30.
22
Calculate the remainder when 24 is divided by 21.
3
Calculate the remainder when 264 is divided by 96.
72
What is the remainder when 403 is divided by 132?
7
What is the remainder when 599 is divided by 249?
101
Calculate the remainder when 14697 is divided by 196.
193
What is the remainder when 129 is divided by 34?
27
What is the remainder when 531 is divided by 19?
18
What is the remainder when 92 is divided by 12?
8
What is the remainder when 216 is divided by 20?
16
What is the remainder when 5324 is divided by 5322?
2
Calculate the remainder when 214 is divided by 159.
55
What is the remainder when 558 is divided by 40?
38
Calculate the remainder when 850 is divided by 118.
24
Calculate the remainder when 134 is divided by 18.
8
Calculate the remainder when 2740 is divided by 38.
4
Calculate the remainder when 78 is divided by 57.
21
What is the remainder when 193 is divided by 32?
1
What is the remainder when 981 is divided by 24?
21
Calculate the remainder when 211 is divided by 53.
52
Calculate the remainder when 716 is divided by 355.
6
Calculate the remainder when 10287 is divided by 343.
340
What is the remainder when 48 is divided by 35?
13
Calculate the remainder when 1964 is divided by 115.
9
Calculate the remainder when 1821 is divided by 35.
1
What is the remainder when 32 is divided by 11?
10
What is the remainder when 58 is divided by 47?
11
What is the remainder when 407 is divided by 68?
67
What is the remainder when 247 is divided by 39?
13
What is the remainder when 6478 is divided by 18?
16
What is the remainder when 477 is divided by 121?
114
Calculate the remainder when 299 is divided by 25.
24
What is the remainder when 15 is divided by 3?
0
What is the remainder when 766 is divided by 232?
70
What is the remainder when 530 is divided by 38?
36
Calculate the remainder when 8027 is divided by 55.
52
Calculate the remainder when 533 is divided by 35.
8
What is the remainder when 391 is divided by 98?
97
Calculate the remainder when 459 is divided by 97.
71
What is the remainder when 74 is divided by 54?
20
Calculate the remainder when 212 is divided by 2.
0
Calculate the remainder when 208 is divided by 38.
18
What is the remainder when 32601 is divided by 15?
6
What is the remainder when 927 is divided by 241?
204
What is the remainder when 722 is divided by 236?
14
What is the remainder when 1039 is divided by 148?
3
What is the remainder when 289 is divided by 138?
13
What is the remainder when 155 is divided by 14?
1
Calculate the remainder when 188 is divided by 48.
44
What is the remainder when 217 is divided by 109?
108
Calculate the remainder when 1669 is divided by 152.
149
What is the remainder when 157 is divided by 56?
45
What is the remainder when 1197 is divided by 5?
2
Calculate the remainder when 414 is divided by 75.
39
What is the remainder when 2120 is divided by 29?
3
What is the remainder when 4139 is divided by 45?
44
What is the remainder when 3442 is divided by 82?
80
What is the remainder when 18 is divided by 13?
5
Calculate the remainder when 1284 is divided by 99.
96
Calculate the remainder when 558 is divided by 226.
106
Calculate the remainder when 287 is divided by 48.
47
What is the remainder when 126 is divided by 102?
24
Calculate the remainder when 433 is divided by 62.
61
Calculate the remainder when 252 is divided by 175.
77
What is the remainder when 768 is divided by 14?
12
What is the remainder when 97 is divided by 35?
27
What is the remainder when 3213 is divided by 50?
13
What is the remainder when 1934 is divided by 122?
104
What is the remainder when 124 is divided by 71?
53
What is the remainder when 433 is divided by 250?
183
What is the remainder when 191 is divided by 36?
11
Calculate the remainder when 81 is divided by 19.
5
What is the remainder when 848 is divided by 21?
8
Calculate the remainder when 3953 is divided by 44.
37
What is the remainder when 147 is divided by 67?
13
What is the remainder when 29 is divided by 5?
4
What is the remainder when 195 is divided by 51?
42
What is the remainder when 979 is divided by 978?
1
Calculate the remainder when 74 is divided by 45.
29
Calculate the remainder when 40 is divided by 10.
0
What is the remainder when 434 is divided by 118?
80
What is the remainder when 522 is divided by 42?
18
What is the remainder when 78 is divided by 40?
38
Calculate the remainder when 16822 is divided by 358.
354
Calculate the remainder when 816 is divided by 20.
16
Calculate the remainder when 147 is divided by 11.
4
What is the remainder when 462 is divided by 339?
123
What is the remainder when 313 is divided by 16?
9
What i